nds digit of 4267238?
2
What is the ten thousands digit of 826744?
2
What is the units digit of 614758?
8
What is the hundreds digit of 762334?
3
What is the ten thousands digit of 408986?
0
What is the hundred thousands digit of 7407942?
4
What is the thousands digit of 11443060?
3
What is the thousands digit of 184450?
4
What is the tens digit of 448325?
2
What is the units digit of 844938?
8
What is the thousands digit of 14078616?
8
What is the ten thousands digit of 3327473?
2
What is the thousands digit of 31095848?
5
What is the tens digit of 589122?
2
What is the units digit of 10420999?
9
What is the tens digit of 4380917?
1
What is the ten thousands digit of 1917256?
1
What is the units digit of 4903641?
1
What is the hundred thousands digit of 252805?
2
What is the units digit of 1390182?
2
What is the ten thousands digit of 706273?
0
What is the hundred thousands digit of 977604?
9
What is the thousands digit of 1442028?
2
What is the ten thousands digit of 14205?
1
What is the ten thousands digit of 323821?
2
What is the hundreds digit of 157757?
7
What is the units digit of 237611?
1
What is the hundred thousands digit of 1146030?
1
What is the ten thousands digit of 8732584?
3
What is the units digit of 3629569?
9
What is the thousands digit of 380264?
0
What is the millions digit of 17431339?
7
What is the tens digit of 168821?
2
What is the thousands digit of 374766?
4
What is the units digit of 220857?
7
What is the units digit of 232929?
9
What is the hundreds digit of 3057777?
7
What is the hundreds digit of 15658084?
0
What is the hundred thousands digit of 821406?
8
What is the millions digit of 4251524?
4
What is the tens digit of 1982983?
8
What is the tens digit of 235882?
8
What is the ten thousands digit of 3377968?
7
What is the hundreds digit of 1688208?
2
What is the tens digit of 3981265?
6
What is the tens digit of 1804988?
8
What is the millions digit of 4340750?
4
What is the ten thousands digit of 555022?
5
What is the ten millions digit of 21661896?
2
What is the ten millions digit of 17731437?
1
What is the ten thousands digit of 7067018?
6
What is the tens digit of 576902?
0
What is the tens digit of 805494?
9
What is the hundreds digit of 206154?
1
What is the hundred thousands digit of 369259?
3
What is the thousands digit of 191471?
1
What is the hundreds digit of 223674?
6
What is the units digit of 149049?
9
What is the millions digit of 7964297?
7
What is the units digit of 1484964?
4
What is the units digit of 848185?
5
What is the hundred thousands digit of 920635?
9
What is the hundred thousands digit of 1472175?
4
What is the ten thousands digit of 512253?
1
What is the thousands digit of 168598?
8
What is the hundreds digit of 2218363?
3
What is the tens digit of 2758332?
3
What is the hundreds digit of 29490?
4
What is the tens digit of 9305327?
2
What is the ten thousands digit of 87937?
8
What is the tens digit of 169813?
1
What is the tens digit of 14002367?
6
What is the ten thousands digit of 7227711?
2
What is the tens digit of 8325079?
7
What is the tens digit of 2326132?
3
What is the thousands digit of 86499?
6
What is the millions digit of 6825345?
6
What is the tens digit of 471853?
5
What is the thousands digit of 5201028?
1
What is the hundreds digit of 1449732?
7
What is the units digit of 3042401?
1
What is the thousands digit of 218167?
8
What is the hundreds digit of 6863858?
8
What is the millions digit of 17658397?
7
What is the hundred thousands digit of 497312?
4
What is the tens digit of 386885?
8
What is the hundred thousands digit of 506816?
5
What is the millions digit of 15973793?
5
What is the millions digit of 4315257?
4
What is the hundreds digit of 216644?
6
What is the tens digit of 7745646?
4
What is the hundreds digit of 9778602?
6
What is the units digit of 51062?
2
What is the thousands digit of 187766?
7
What is the hundreds digit of 8451187?
1
What is the units digit of 3719?
9
What is the units digit of 6548214?
4
What is the hundreds digit of 921331?
3
What is the ten thousands digit of 634600?
3
What is the hundreds digit of 2403906?
9
What is the millions digit of 21636081?
1
What is the hundreds digit of 18451143?
1
What is the hundreds digit of 416185?
1
What is the thousands digit of 252246?
2
What is the ten thousands digit of 16149249?
4
What is the units digit of 535952?
2
What is the tens digit of 2608226?
2
What is the tens digit of 185601?
0
What is the thousands digit of 9076181?
6
What is the hundred thousands digit of 3986508?
9
What is the ten thousands digit of 6107036?
0
What is the hundred thousands digit of 267037?
2
What is the thousands digit of 289471?
9
What is the hundreds digit of 962777?
7
What is the hundred thousands digit of 8136089?
1
What is the units digit of 3575298?
8
What is the units digit of 52687?
7
What is the tens digit of 3010719?
1
What is the millions digit of 2940772?
2
What is the thousands digit of 962180?
2
What is the units digit of 612742?
2
What is the thousands digit of 9825163?
5
What is the hundred thousands digit of 159457?
1
What is the thousands digit of 756715?
6
What is the thousands digit of 4565279?
5
What is the hundreds digit of 3354808?
8
What is the tens digit of 221478?
7
What is the thousands digit of 2574448?
4
What is the tens digit of 203678?
7
What is the ten thousands digit of 940499?
4
What is the thousands digit of 171037?
1
What is the ten thousands digit of 2359600?
5
What is the hundred thousands digit of 1354274?
3
What is the ten thousands digit of 620861?
2
What is the tens digit of 6523396?
9
What is the thousands digit of 23705092?
5
What is the hundreds digit of 4612959?
9
What is the ten thousands digit of 624850?
2
What is the millions digit of 1651160?
1
What is the units digit of 4207582?
2
What is the thousands digit of 45677?
5
What is the ten thousands digit of 811192?
1
What is the units digit of 1160175?
5
What is the tens digit of 260122?
2
What is the thousands digit of 3517928?
7
What is the thousands digit of 44477?
4
What is the hundred thousands digit of 451024?
4
What is the units digit of 353838?
8
What is the thousands digit of 359591?
9
What is the millions digit of 1183239?
1
What is the units digit of 541736?
6
What is the thousands digit of 551398?
1
What is the hundred thousands digit of 9404606?
4
What is the units digit of 26439?
9
What is the tens digit of 11492619?
1
What is the thousands digit of 265067?
5
What is the thousands digit of 1054074?
4
What is the ten thousands digit of 1048498?
4
What is the ten thousands digit of 263734?
6
What is the thousands digit of 2179958?
9
What is the tens digit of 2441594?
9
What is the units digit of 189053?
3
What is the hundreds digit of 833394?
3
What is the ten thousands digit of 119828?
1
What is the hundred thousands digit of 187755?
1
What is the units digit of 792880?
0
What is the millions digit of 20918915?
0
What is the ten thousands digit of 3717431?
1
What is the thousands digit of 352757?
2
What is the tens digit of 180989?
8
What is the tens digit of 340146?
4
What is the thousands digit of 101378?
1
What is the hundreds digit of 1013978?
9
What is the thousands digit of 38003?
8
What is the hundred thousands digit of 7590040?
5
What is the millions digit of 1310153?
1
What is the tens digit of 8778023?
2
What is the thousands digit of 725458?
5
What is the ten thousands digit of 2435736?
3
What is the tens digit of 2384519?
1
What is the ten thousands digit of 3528365?
2
What is the tens digit of 237712?
1
What is the tens digit of 1418675?
7
What is the thousands digit of 129170?
9
What is the units digit of 1879098?
8
What is the units digit of 798482?
2
What is the hundreds digit of 67788?
7
What is the hundreds digit of 946891?
8
What is the units digit of 531067?
7
What is the ten thousands digit of 5217391?
1
What is the hundreds digit of 887554?
5
What is the hundreds digit of 420036?
0
What is the ten thousands digit of 366606?
6
What is the tens digit of 728291?
9
What is the tens digit of 378412?
1
What is the thousands digit of 826269?
6
What is the thousands digit of 14054653?
4
What is the hundreds digit of 445112?
1
What is the hundred thousands digit of 1077001?
0
What is 